-32 - -40)).
61
Calculate 13 + (6 + -25 - -11) - (1 + -7 - -2).
9
Calculate 12293 + -12283 + (15 - 0) + 1.
26
Evaluate 6 - (-18 + -12 + 1 - 6).
41
Evaluate -10 - (-9 + 9 + -8) - (17 + 0 + -6).
-13
-95 - (14 - (211 + -35))
67
What is 35 + -1 - 1 - (313 + -290)?
10
Evaluate 34 + 17 + (-21 + 1 - (687 + -705)).
49
What is 11 + -1 + (171 + -152 - (108 - -3))?
-82
What is (58 - 1) + -38 + 34 + (-5 - -6)?
54
39 + -70 - (41 + -152)
80
What is 20 - ((14 - -1) + 274 + -209)?
-60
Evaluate (-1 - -1) + 6 - ((176 - 88) + -76).
-6
What is (-45 - -42) + 104 + -21 + -31 - (1 + -15)?
63
(-4 - 1 - 1) + 12216 + -12230
-20
Calculate -51 - (6 + -40 + 8) - 32.
-57
What is -5 + (11 - (-9 + (8 - 0) + -7))?
14
-1 - (-28 - (-31 - -15))
11
Evaluate -2 - (6 + (-2 + -4 - (1 - 21))).
-22
Evaluate 10 - (10 + (13 - (5 - (-7 + 4)))).
-5
What is -18 + (45 - 10) + -23 - 33?
-39
12 + (-126 - (11 + -15)) + -1 + 13 + 12
-86
What is 24 - (-1 + (0 - -12) + -18 + -5)?
36
What is the value of (-31 - ((33 - 17) + -46)) + 46 + (0 - 0)?
45
Calculate (95 - 2 - (-6 + 18 + -15)) + -17.
79
Evaluate (38 - (-20 + 37 - -2)) + -18.
1
-32 + 9 + 23 + -10 + (4 - 24)
-30
Calculate -1 - 0 - (489 + -474).
-16
Calculate (42 - -6 - 42 - (1 + -29)) + 6.
40
What is 52 - (-19 + (-11 - -10 - -3 - -11))?
58
Calculate -25 - (-17 - (1 + -8 - (-265 - -271))).
-21
66 + 6 + (17 - 58)
31
Calculate 17 + (19 - (12 + -1)) - -19.
44
1 - -12 - (116 + -140 + -46)
83
What is the value of -17 + 0 + -17 + 29 + -46 + 33?
-18
Calculate (3 - -10) + 2 + (-553 - -495).
-43
What is the value of (-5 - (-4 - (-11 + 7))) + -319 + 377?
53
Evaluate (36 - 12 - 4) + -27.
-7
13 + 8 + 12 + -20 + 91
104
What is the value of 30 + 83 + (72 - 120)?
65
What is the value of 97 + 12 + -16 - (-107 + 136)?
64
(3 + -14 - -3) + (-30 - -104 - 38)
28
What is the value of 0 + 106 + -49 + -170?
-113
24 + ((-55 - -23) + 7 - -13)
12
Evaluate -12 + (-208 - -195) + (2 - -93).
70
Evaluate 18 - (-5 - -93 - (4 - (-18 + 28))).
-76
Evaluate 1 - 135 - (-1292 - -1303) - (-1 - (2 + 7)).
-135
What is (0 + 1 - 33) + (-6985 - -6941)?
-76
What is 47 + -34 + -47 - ((0 + 8 - 1) + 1)?
-42
Calculate (-17 + 17 - (-11 + 8) - (-3 + 3)) + 87.
90
What is 22 - (-648 + 673 + (0 - -47))?
-50
-1977 + 1991 + (3 - 0) + (5 - -7)
29
-5 - (6 - (-4 + 19) - (-11 + 10))
3
What is (47 + -104 - -43) + (67 + -5 - 3)?
45
What is -44 + (0 + (1 - -3) - 18) + (28 - 22)?
-52
What is 16 - (-9 + -4 + 24 + 80 + -8)?
-67
Calculate 5 + 0 - (-33 - -18 - (11 - 54)).
-23
What is 5 + (-39 - (16 - -3 - (13 - (3 - -1))))?
-44
Calculate (-7 - -1 - -7 - 8) + 6 + -42 - -3.
-40
-7 + 28 - (-24 + -9 + 6)
48
(4 - (4 - (-39 + 5))) + (-22 - (-19 + -3))
-34
Evaluate -5 + -9 + (0 - -1) + 810 + -796 + 34.
35
-5 - ((1 + 145 - (-52 - (-4 - 47))) + -13)
-139
-3 + -1 - (116 + 72 + -269) - -10
87
Calculate (182 - 240) + 10 + 28 + -67 + 1.
-86
What is the value of 4 - ((-8 + -4 + 12 - 10 - -1) + -19)?
32
What is the value of -2 + -7 + 53 + (36 - 17 - 23)?
40
Calculate 36 + (-37 + -13 - -39) + 22.
47
What is -66 + 69 - (60 + -90 + 1 + 2)?
30
What is 59 - (-13 + 36 + -21 + (5 - 3))?
55
Calculate ((4 - 3) + 0 - (8 + 78 + -89)) + 64.
68
Evaluate -22 - (-39 - -51 - 28) - (11 - (-3 + 5)).
-15
What is -105 - (-17 + -28 + 34)?
-94
Calculate -2037 + 2032 + (3 + -1 - 48).
-51
What is the value of -33 + 103 + -11 + -23?
36
4 + -3 + -2 + -3 + 9 + (28 - -3)
36
Evaluate -14 + 18 + -12 + -27.
-35
(0 - -9) + -54 - (60 + -77)
-28
What is the value of -44 + 0 - (56 - (-63 + 119))?
-44
Evaluate (-4 - (51 + -50)) + 11 + 2.
8
What is 4526 - 4397 - (2 + -2 + 34)?
95
-184 + 159 + 137 + -51
61
What is the value of (-8 - (9 - 11 - -17)) + (84 - -40)?
101
What is -13 - (-37 - -113 - 65)?
-24
What is -150 + 147 - (-7 + 0) - (25 + -10)?
-11
What is 1 + 81 + -54 + 20?
48
Evaluate -49 + 11 + (13 - 16) + 18.
-23
Calculate -7 + -1 + (11 - -5) - 3 - (-63 - 7).
75
100 + -72 + -11 - (64 + (-3 - -1))
-45
Evaluate (-256 - -250) + -4 + -6 + -1 + -6.
-23
What is the value of 0 + (2 - -3) + (5 - -1) + -37 + 12?
-14
Evaluate -30 - (-84 + (18 - 19)).
55
What is the value of 622 + -597 - (0 - (0 + 45))?
70
(232 - 228 - (-31 - 1)) + (3 + 0 - -5)
44
37 - (-31 - (8 - 56))
20
-121 + (27 - -1 - -8)
-85
-58 + (-10 - 1) + -256 + 265
-60
What is 29 - (-62 + -21 + 64)?
48
What is (170 - 135) + (-5 - -2 - 1 - -1)?
32
What is the value of (-16 - -1) + 31 + (3 - (15 + 1))?
3
Calculate -22 + -11 + 155 + (2 - 5 - 16).
103
Calculate 9 + -25 + (55 - 37).
2
What is the value of 134 + 103 + -131 + -97?
9
What is the value of -30 - -46 - (9 + -17)?
24
Evaluate -60 - 64 - 0 - -15.
-109
What is the value of 12 + -13 + (28 - 22) + 6 - -53?
64
What is -16 - (-23 + 3 + 2 - 14) - 23?
-7
What is -37 + -14 + 8 + ((-1 - 2) + 12 - -3)?
-31
What is the value of (7 - 34) + (40 - 88 - -33)?
-42
What is -5 + (52 - (-4 + 13) - 6) + (2 - 1)?
33
4 + -146 - ((79 - 86) + -14)
-121
What is the value of 9 + (5 - (135 - 49 - (6 + 0)))?
-66
What is the value of 32 + (57 - 125) - (-1 - 22)?
-13
Evaluate 174 + -167 - (7 - -31).
-31
7 - 20 - 5 - (-197 + 188)
-9
What is the value of -271 - -150 - (-43 - 204)?
126
Evaluate -48 - (-201 - -219 - (1 + -13)).
-78
Calculate 34 + (-55 - -4 - 4) + 26.
5
(28 - -5 - 26) + -3 + -1 - -29
32
What is the value of -25 - 0 - -15 - (7 + -102 + 7)?
78
Evaluate (-20 + 1 - (17 - (54 + -49))) + 5.
-26
8 - (14 + (-2 + 3 - 14) - 8)
15
13 - (-1 - (18 + -2 - -3))
33
Evaluate -63 - -5 - (-671 - -672 - (1 + 16)).
-42
(6 - -4) + -4 + -7 - (-68 + 1 + 5)
61
What is 10 + -9 - (-7 + 4 + (-8 - -6 - 40))?
46
What is -74 - (10 + 8 + (-22 - (4 + -11)) + 6)?
-83
Evaluate 63 + -10 + (18 - 47).
24
(-437 - -432) + (0 - (1 - -3)) - (-20 + -1)
12
43 + (-42 - (-51 - 5))
57
61 + (-16 - (2 + 14)) - 33
-4
-46 + (-28 + 83 - 44) + -24
-59
Calculate -11 + 0 - (-4 - 14 - -15).
-8
What is -4 + -3 - ((11 - -10) + -37 - -58)?
-49
Evaluate 0 + 16 + (-181 - (107 + -296)).
24
What is (26 - 33) + 7 + -4 - (-83 - 21)?
100
-1 + 0 - (-52 - (-16 + -4 + 22))
53
Calculate (-32 - (-4 - 2)) + -6 + 1 + -3 + 0.
-34
What is (-130 - -210) + -6 + -1 + 2 - (124 + -115)?
66
-14 + 0 + (-413 - -389) + -20
-58
42 + (-24 - (51 + -38 + 3))
2
What is (8 - (0 - -1)) + (-59 - 63) + 89?
-26
What is -24 + (104 - -2) + -171 + 176 + -3 + 0?
84
Evaluate -128 + -5 - (-153 - -48).
-28
What is the value of -18 - (-7 - -27) - ((1 - -1) + -17 + 6)?
-29
What is the value of (-4 - -2) + (44 - (51 + -3))?
-6
What is 23 + (-125 + 63 - -66)?
27
Evaluate (-7 + -41 - 53) + 201.
100
Calculate 24 + (-33 - -60 - 29) + (1 - -11).
34
What is (-18 - 6) + (332 - 281)?
27
Evaluate (-1 - -3) + 11 + -305 + 298 - 11.
-5
What is the value of (-16 + 26 + 9 - 22) + (40 - 7)?
30
Calculate -3 - (-5 - 4) - (21 + (-36 - -26)).
-5
8 - (22 + 0 + (2 - -19 - 31))
-4
What is the value of (79 + -39 - 128) + -4?
-92
What is the value of -5 + -46 + 20 + 70?
39
Evaluate -7 + 46 + 75 + -61.
53
119 + (86 - 303) + (3 - 1)
-96
What is (352 - 890) + 515 - ((1 - 1) + 65)?
-88
What is the value of -38 + (-32 - 2) + (-456 - -446)?
-82
Evaluate 22 + -3 + 768 + -715 + -2 + 1 + -4.
67
Calculate -8 - ((-310 + 305 - (-1 + -1 + 3)) + -4).
2
What is the value of -85 + 55 + 75 - ((1 + 3 - 6) + 1)?
46
What is -1 - -81 - (5 + (-24 - -12) + 5 + -4)?
86
Evaluate (211 - 29 - 211) + -1 + 99.
69
What is the value of -64 - (-64 + 64 + -40)?
-24
What is 10 - -107 - (37 + -11)?
91
4 - (-9 + -4 + 12) - 14
-9
What is the value of -37 + 71 + -129 + 28?
-67
0 + -78 + (10 + -6 - -9) + (-38 - -31)
-72
What is the value of (104 - 75) + -64 - -32?
-3
What is 54 - ((-2 - -2 - -34) + (-67 - -50))?
37
What is (1 + -18 - (15 + -29)) + -11 - -19?
5
What is the value of 106 + (-27 + 10 - -4) + 4?
97
8 - ((-11 - -9) + 21)
-11
What is 5 + (-20 + -11 - (-50 + 13))?
11
What is (-14 - -21) + 180 + -178 + (-20 - -1)?
-10
Calculate -17 - 0 - (4 - 8 - (7 + 3 + -6)).
-9
What is the value of (-23 - -21 - -93) + -1 + (-11 - -4 - -1)?
84
What is 62 + (-25 - 50) + 1 + 6?
-6
What is 10 - ((0 - -2 - -1) + -500 + 501) - -91?
97
What is -59 - (71 + 60 + -129)?
-61
What is the value of (149 - (-38 - -94)) + -48?
45
Calculate -159 + (35 - (46 - 4)) + 48.
-118
Evaluate 5 - (13 - (-14 - 1 - -5 - -17)).
-1
5 + (2 + -14 - -8) - (-10 - -6) - 44
-39
What is 4 + -24 + ((-10 - -7) + -10 - 11 - -12)?
-32
What is (74 - (-37 + 8 - -66)) + -7?
30
Wh